m - 418, -3*m - 1404 = -o*a. What is the units digit of a?
1
Suppose 0 = -5*c + 15*v + 122810, 51*v = -5*c + 54*v + 122750. What is the hundreds digit of c?
5
Let l = 3 - 13. Let s = -87 + -3. What is the tens digit of (-824)/l + 36/s?
8
Suppose -28*j - 924 = -22*j. Let k = 1211 + j. What is the hundreds digit of k?
0
Let a be (-3)/2*(-250)/15. Suppose -8*c = a - 9. What is the units digit of (c + 1 - 0)/((-6)/336)?
6
Let j(d) = -d**2 + 13*d - 26. Let n be j(3). Suppose n*i - 28 = 56. What is the units digit of i?
1
Let z = -56 + 58. Suppose -z*x + 5*r + 29 = 0, -5 = -4*r + 9*r. Suppose -x*b + 809 = -43. What is the units digit of b?
1
Let y(j) = 2*j**2 + 8*j + 8. Let a be y(-4). Let d = 29 + a. Let o = d - 0. What is the tens digit of o?
3
Suppose 4*d - 9475 = -m + 6*d, m - d - 9476 = 0. What is the units digit of m?
7
Let n(q) = -q**3 + 5*q**2 - 15*q + 5. Let u be n(-7). Let c = u + -389. Suppose 0 = 4*k - 733 + c. What is the tens digit of k?
0
Let b be 6 - 3 - (7 + -2). Let i be 233 + 3 - b/1. Suppose -2*d - 196 = -5*h + i, -h - d = -91. What is the units digit of h?
8
Suppose 4*d = -3*k + 896, 3*k + k = -3*d + 1183. Suppose 0 = 23*n - k - 7436. What is the tens digit of n?
3
Let a = -2458 + 7333. What is the hundreds digit of a?
8
Let y(o) = -4*o + 20. Let m be y(-9). Suppose -4*i = m + 32. What is the units digit of i/3*(-330)/44?
5
Let h = -33131 - -59824. What is the thousands digit of h?
6
Let l be (-25)/27*-3 - (-32)/144. Suppose f - o = -l*o + 508, -4*o = -3*f + 1564. What is the units digit of f?
6
Suppose 230 - 78 = 2*l. Let o be 112/(-49) + 2 - 2090/(-14). Let v = o - l. What is the units digit of v?
3
Let k = 238 - 235. What is the units digit of 3*(k + 6774/18)?
8
Suppose 19*x - 35*x = -26*x + 2780. What is the hundreds digit of x?
2
Suppose -28*m + 44*m + 41808 = 22*m. What is the tens digit of m?
6
Suppose -28 = -13*f + 63. Suppose -6*d + f*d = -4*w + 99, -2*w = -d + 81. What is the units digit of d?
7
Let w be 48/12 + (4 - 3). Suppose 2 = w*b + 12, 5*b = -5*g + 3470. What is the tens digit of g?
9
Suppose 1147 = 3*o - 5*r, 5*o - r - 1949 = -2*r. What is the units digit of o?
9
Let w(p) = 4*p - 4. Let x be w(3). Suppose 3*c - 14 - 82 = 0. What is the units digit of c/x - (-45 - 1)?
0
Let c(h) = 16 - 2 + 3*h - h + 1. What is the units digit of c(14)?
3
Let l be 0/(2 + 1 + -1). Let x be (-6)/4*(-48)/18. Suppose -244 = -x*u + k + 59, l = -2*u - 5*k + 135. What is the tens digit of u?
7
Let o(q) = 121*q - 4. Let i be (3/(-4))/(33/(-88)). Suppose 5*t + 20 = 5*r, 2*t - i = -3*r + 15. What is the units digit of o(t)?
7
Let f(w) = -323*w**3 + 7*w**2 + 4*w - 20. What is the units digit of f(-4)?
8
Let n = 12161 + 6931. What is the thousands digit of n?
9
Let q = -2609 + 7701. What is the tens digit of q?
9
Suppose -5*b - 25 = 0, -2*b = 75*k - 76*k + 1243. What is the tens digit of k?
3
Let n(h) = -76*h. Let s = 43 + 0. Let o = s + -45. What is the hundreds digit of n(o)?
1
Suppose 3*u - 6*u - 75 = 0. Let m = u - -23. What is the units digit of m/2 - (-72 + -2)?
3
Let f(j) = 198*j**2 - 65*j + 305. What is the ten thousands digit of f(18)?
6
Suppose h - 2*u = 2 + 6, 12 = 3*h - 2*u. Let b(t) = -t**3 + 2*t**2 + t. Let i be b(h). Suppose -82 = i*s - 284. What is the tens digit of s?
0
Let m(q) = q**3 + 7*q**2 - 19*q - 4. Let y be m(-9). Suppose 505 = o - y*l, 497 = -4*o + 5*o - 3*l. What is the units digit of o?
5
Let v(k) = 12*k**2 + 54*k - 639. What is the hundreds digit of v(19)?
7
Suppose -5*z + 3 = -y - 15, 4*y = -3*z + 20. Suppose -759 = -3*o - 3*n, 0 = -0*o - y*o + 3*n + 511. What is the tens digit of o?
5
Let k(v) = -3827*v + 8659. What is the hundreds digit of k(-13)?
4
Let n = 50 - 51. Let m be -85 - n/(-2)*(-3 - -7). What is the units digit of 4*m/(-30) + (-2)/(-5)?
2
Suppose 23791 = -531*f + 539*f - 5921. What is the thousands digit of f?
3
Let n(m) = -2*m**2 - 41*m - 55. Let k be n(-19). What is the units digit of (690 - -5) + k + 4?
1
Suppose 101*v = 6327600 + 2614940. What is the thousands digit of v?
8
Let u(q) = -8052*q + 43. What is the hundreds digit of u(-1)?
0
Let s(k) = -7*k - 87. Let p be s(23). Let d = p - -459. What is the tens digit of d?
1
Let m(g) = 117*g**2 - 65*g - 36. What is the tens digit of m(-13)?
8
Let d = 21 + 671. Suppose 4*b = -3*t - 2*t + 684, 2*b - d = -5*t. Suppose -20 = -5*s + t. What is the units digit of s?
2
Let x(u) = 626*u - 62. What is the thousands digit of x(3)?
1
Suppose 8*b - 20*b = -432. What is the units digit of (-654)/4*(-48)/b?
8
What is the units digit of (475908/21)/4 - (-39)/91?
6
Let l(c) = c**3 + 110*c**2 + 249*c + 1005. What is the tens digit of l(-106)?
5
Let z(b) = 50*b - 77. Let v be z(6). Suppose 0 = 2*d + 2*x - 342, 3*d - x - 294 - v = 0. What is the units digit of d?
2
Let o = 12920 + 331. What is the tens digit of o?
5
Suppose 0 = 5*b + r - 124911, -b - 3*r + 27080 - 2095 = 0. What is the thousands digit of b?
4
Suppose -1151 + 3604 = 11*o. Let y = o - 57. What is the units digit of y?
6
Suppose 0 = -n + 2*w + 25414, 140*w = 142*w + 14. What is the ten thousands digit of n?
2
What is the thousands digit of (288430 + 0)*(-538)/(-5380)?
8
Let n(v) = -14*v**3 - 8*v**2 - 58*v - 12. Let x be n(-4). What is the tens digit of x + 101 - (1 - -1)?
8
Let z = -218 + 223. Suppose -97 - 323 = -z*j - 5*k, 2*j - 5*k - 189 = 0. What is the units digit of j?
7
Suppose 5*l - 23 = -2*s - 19, 2*s = 4*l - 14. Suppose -3631 - 57 = -l*d. What is the thousands digit of d?
1
Suppose -2*a + 2*b = -170504, 134*a = 129*a + 3*b + 426258. What is the units digit of a?
1
Let o be (3/(-2))/3*11924/22. Let v = o + 304. What is the units digit of v?
3
Let c = 3571 + 9989. Suppose 24*k + c = 44*k. What is the units digit of k?
8
Suppose -5*q + 29532 = 3*t, 181*t = -4*q + 177*t + 23632. What is the thousands digit of q?
5
Let t(o) = 2*o + 22. Let x be t(-10). Let i(q) = 15*q**2 - 2*q - 1. Let s be i(x). Suppose h - s = -j, j + 110 = h + h. What is the tens digit of h?
5
Let q = -10956 - -15737. What is the units digit of q?
1
Let m be ((-6)/4)/(69/(-92)). What is the hundreds digit of (m/5)/(4/10) + 436?
4
What is the tens digit of (24/4)/(11/5093) - 0?
7
Let i be (-42)/(-12) - 4 - (-15951)/6. Suppose 14*o - i = 8*o. What is the tens digit of o?
4
Suppose 83 = 7*p - 6*p. Let r = p + -58. What is the units digit of (-54)/(-10)*(r/5 + 0)?
7
Suppose 42*k + 55 = 47*k. What is the units digit of 4 + k/((-55)/(-2500))?
4
Let s be 7/1 - 0/92. Suppose -9534 + 490 = -s*b. What is the units digit of b?
2
What is the units digit of 21826 - (8/18)/((-12)/(-54))?
4
Let m(w) = 2*w + 11. Let g be m(-5). Let j = -4 - g. Let d(q) = q**3 + 5*q**2 - 6*q - 11. What is the tens digit of d(j)?
1
Let s = -97 - -92. What is the units digit of (4*11)/((-171)/(-33) + s)?
2
Let h(d) = -d + 15. Let c be h(10). Suppose a = -b + 8, -b - c*a + a = -14. Let z(r) = 6*r + 21. What is the tens digit of z(b)?
5
Suppose -725*o = -654*o - 4164718. What is the tens digit of o?
5
Let p = 10669 - -37162. What is the units digit of p?
1
Suppose 0 = 22*x + 15*x - 45510. What is the units digit of x?
0
Suppose -2*a - 39 = -63. Let k(x) = 2*x**2 + 29*x - 20. What is the units digit of k(a)?
6
What is the tens digit of -585*(11 + 445)/(-8)?
4
Let p(u) = u**3 + 23*u**2 - 4*u + 54. Let i = 58 + -81. What is the units digit of p(i)?
6
Let h be 0 + -2 - (-1 - -2)/(-1). Let m(n) be the second derivative of -87*n**5/20 + n**4/12 - n**3/6 - n**2 + 4*n. What is the units digit of m(h)?
7
Let k = -65 - -48. What is the hundreds digit of (-555)/(-2) - k/(-34)?
2
Suppose 0 = -32*v + 33*v. Let m be (-1 - 1) + (4 - (-4 + v)). Suppose m*f - 245 = f. What is the tens digit of f?
4
What is the thousands digit of (444/1554 - 22/(-70))/((-1)/(-42615))?
5
Suppose 4*b + o - 91 = 0, 4*b - 111 = 2*o + o. Suppose -9*n - 3435 = -b*n. What is the units digit of n?
9
Let p = 5559 - -2342. What is the units digit of p?
1
Suppose 5*n = 16*n + 97064. What is the hundreds digit of n/(-32) - (-6)/(-8)?
2
Let a be (20/35)/(6/9597). Suppose 10*i = -194 + a. What is the units digit of i?
2
Let k = 368 + -365. What is the units digit of 5/((-10)/k)*(-4920)/18?
0
Let j = 8660 - 4360. What is the hundreds digit of j?
3
Suppose -5*p = -3*l + 13111, 3*l = 2*p + 7991 + 5132. What is t